prime?
False
Is 37194299 composite?
True
Is 845431 a prime number?
True
Is 1762843 prime?
True
Is 40443283 a prime number?
True
Is 3755237 a prime number?
True
Is 559345 prime?
False
Is 7041227 composite?
False
Is 895387 a composite number?
False
Is 15208613 composite?
True
Is 2366877 a prime number?
False
Is 35260103 a prime number?
True
Is 4652353 a composite number?
False
Is 909691 composite?
False
Is 7522321 a composite number?
False
Is 114001889 prime?
True
Is 3533939 a prime number?
True
Is 9561127 composite?
True
Is 12540587 prime?
False
Is 3492101 prime?
False
Is 6958937 a prime number?
True
Is 10637831 a prime number?
True
Is 526672771 a prime number?
True
Is 20131667 composite?
False
Is 85958857 a prime number?
False
Is 4196011 composite?
False
Is 3027617 a prime number?
True
Is 22694369 a prime number?
False
Is 406183 composite?
False
Is 87292201 composite?
False
Is 72287561 prime?
True
Is 68269841 a composite number?
True
Is 84401 composite?
False
Is 32476993 composite?
True
Is 16715407 a composite number?
True
Is 3385357 a composite number?
False
Is 168140087 prime?
False
Is 35405233 composite?
False
Is 9799637 composite?
True
Is 194925371 prime?
True
Is 473192689 a prime number?
True
Is 354177034 composite?
True
Is 15767845 composite?
True
Is 1514213099 a prime number?
False
Is 4286107 composite?
True
Is 4709041 prime?
True
Is 423498157 a composite number?
False
Is 139451317 a prime number?
False
Is 3171547 a composite number?
False
Is 21551 composite?
True
Is 16794149 a composite number?
False
Is 6646349 a prime number?
False
Is 23758811 a prime number?
False
Is 20447057 a composite number?
False
Is 1626589 a composite number?
False
Is 1711687 a composite number?
False
Is 2709253 a composite number?
False
Is 115758343 composite?
True
Is 9876557 composite?
True
Is 7823677 a prime number?
False
Is 386830703 prime?
False
Is 8963 a composite number?
False
Is 324692755 prime?
False
Is 121139 composite?
False
Is 301449 a composite number?
True
Is 4590427 composite?
False
Is 17342333 a prime number?
True
Is 3974681 composite?
False
Is 39797813 prime?
False
Is 577471 composite?
False
Is 2620633 a composite number?
False
Is 27665821 composite?
False
Is 2579063 prime?
True
Is 4306129 a prime number?
False
Is 96800069 composite?
False
Is 120314009 a prime number?
False
Is 65257 a prime number?
True
Is 15424473 composite?
True
Is 13931621 a prime number?
False
Is 25136551 a composite number?
True
Is 8607793 prime?
False
Is 779969 a prime number?
False
Is 96197149 a prime number?
False
Is 27271987 a composite number?
False
Is 56325541 a prime number?
True
Is 1188358 a prime number?
False
Is 58601399 prime?
True
Is 4199737 composite?
True
Is 5391161 composite?
True
Is 181052869 a composite number?
False
Is 565730017 a composite number?
False
Is 83631391 composite?
False
Is 465361 a prime number?
False
Is 147947353 composite?
False
Is 81401 prime?
True
Is 138944261 composite?
True
Is 9910211 composite?
False
Is 1959443 a prime number?
False
Is 84959827 a prime number?
False
Is 53340949 composite?
True
Is 11113619 prime?
False
Is 11334439 a composite number?
True
Is 1809517 a composite number?
False
Is 8233241 prime?
False
Is 33018127 a composite number?
False
Is 1738831 prime?
True
Is 49959707 a composite number?
True
Is 2041043 composite?
True
Is 275221 a prime number?
False
Is 2594737 a composite number?
True
Is 11113339 a prime number?
True
Is 9478889 a composite number?
True
Is 48569849 a prime number?
True
Is 22871659 prime?
True
Is 2889569 prime?
True
Is 8317909 prime?
True
Is 103919653 prime?
True
Is 6192317 prime?
True
Is 155572727 prime?
False
Is 2278949 composite?
False
Is 207464197 a prime number?
True
Is 2412041 a prime number?
True
Is 511519 composite?
False
Is 109708447 a prime number?
True
Is 75372953 composite?
False
Is 223423 a prime number?
True
Is 70870637 prime?
False
Is 19767905 composite?
True
Is 36013111 prime?
True
Is 207401 a composite number?
False
Is 701531659 a composite number?
True
Is 69703355 a composite number?
True
Is 13264429 a composite number?
True
Is 40996063 prime?
True
Is 9614489 composite?
False
Is 12792353 a composite number?
True
Is 622732897 composite?
False
Is 16316789 prime?
False
Is 59123861 composite?
False
Is 197416357 a composite number?
False
Is 430863707 prime?
False
Is 23236783 a prime number?
True
Is 1686721 composite?
True
Is 1030049 a prime number?
True
Is 983467469 a prime number?
True
Is 454155323 composite?
True
Is 24073459 a composite number?
False
Is 992689 a prime number?
True
Is 457451 a prime number?
False
Is 28107229 a composite number?
True
Is 88486847 composite?
False
Is 42167858 a prime number?
False
Is 238281577 a composite number?
True
Is 869681 composite?
True
Is 61995421 a composite number?
False
Is 20362733 a composite number?
False
Is 3032717 prime?
True
Is 3330211 a composite number?
False
Is 49537909 a composite number?
True
Is 655709 composite?
True
Is 73498207 prime?
True
Is 7066457 a composite number?
True
Is 3921637 a composite number?
False
Is 3786469 prime?
False
Is 146803421 a prime number?
True
Is 1090127 a composite number?
False
Is 29238889 prime?
False
Is 24587821 a composite number?
True
Is 36035897 a prime number?
True
Is 1519923007 a composite number?
True
Is 124617881 a composite number?
True
Is 18311561 composite?
False
Is 328553 a composite number?
True
Is 40017209 a composite number?
False
Is 46452839 a composite number?
False
Is 350145803 prime?
False
Is 381180559 composite?
False
Is 26678351 a prime number?
False
Is 24276679 prime?
False
Is 57679751 composite?
False
Is 487707797 a composite number?
False
Is 70337 a prime number?
False
Is 10931642 a composite number?
True
Is 49490407 a composite number?
False
Is 6706131 composite?
True
Is 512456573 prime?
True
Is 3445649 prime?
True
Is 25943739 a prime number?
False
Is 2745929 prime?
True
Is 121888331 a composite number?
True
Is 3867799 a prime number?
False
Is 14980253 a prime number?
False
Is 6960529 a prime number?
False
Is 466402673 composite?
True
Is 214488697 composite?
False
Is 834847901 composite?
False
Is 4122827 prime?
True
Is 14780855 a composite number?
True
Is 246889 composite?
False
Is 8196571 a composite number?
False
Is 36751477 composite?
True
Is 1562179 prime?
False
Is 82247707 composite?
True
Is 17791847 a composite number?
True
Is 86299 prime?
False
Is 123148169 a prime number?
False
Is 127433243 composite?
True
Is 25795387 prime?
True
Is 19113641 composite?
False
Is 105710827 a composite number?
True
Is 803113 composite?
True
Is 3233221 composite?
False
Is 24544819 prime?
False
Is 18154169 composite?
True
Is 148106458 composite?
True
Is 27610481 composite?
False
Is 18293161 composite?
True
Is 408337 prime?
True
Is 33689473 composite?
False
Is 4426271 a prime number?
False
Is 31550251 composite?
False
Is 191374139 a composite number?
True
Is 920422 composite?
True
Is 46510843 a prime number?
True
Is 141863 composite?
False
Is 26237 composite?
False
Is 27831683 a prime number?
False
Is 1305599 composite?
False
Is 478697 a prime number?
True
Is 11862503 a prime number?
False
Is 18690719 prime?
True
Is 581651489 prime?
True
Is 620361785 a composite number?
True
Is 23400829 composite?
False
Is 21098033 a prime number?
False
Is 4371203 prime?
True
Is 310037629 a prime number?
False
Is 12957037 composite?
False
Is 23366957 composite?
False
Is 12783283 prime?
True
Is 319041221 composite?
True
Is 3280291 a composite number?
True
Is 16053339 a prime number?
False
Is 4185989 prime?
True
Is 224665943 prime?
False
Is 5742461 prime?
True
Is 1394383 prime?
True
Is 10201409 a composite number?
True
Is 1231115 a prime number?
False
Is 52622677 a prime number?
True
Is 57597539 prime?
True
Is 895289 a prime number?
False
Is 6645461 a composite number?
False
Is 19990811 a composite number?
False
Is 4829767 a composite number?
True
Is 1312053 a prime number?
False
Is 850363 a composite number?
True
Is 2511643 prime?
True
Is 8833954 composite?
True
Is 221228509 a prime number?
False
Is 126070799 a prime number?
False
Is 113379029 a composite number?
True
Is 165197513 prime?
False
Is 605901055 a composite number?
True
Is 345146 a composite number?
True
Is 34845671 a composite number?
True
Is 267297